hat is the hundreds digit of 1283424?
4
What is the tens digit of 1237122?
2
What is the ten thousands digit of 24893474?
9
What is the hundreds digit of 324698?
6
What is the units digit of 274561?
1
What is the ten thousands digit of 243095?
4
What is the units digit of 328877?
7
What is the tens digit of 125310?
1
What is the thousands digit of 1751976?
1
What is the thousands digit of 28656190?
6
What is the ten thousands digit of 222520?
2
What is the thousands digit of 36560073?
0
What is the hundreds digit of 11469752?
7
What is the thousands digit of 7708407?
8
What is the ten thousands digit of 7773787?
7
What is the hundred thousands digit of 236821?
2
What is the ten thousands digit of 1780835?
8
What is the millions digit of 31585157?
1
What is the ten millions digit of 10488850?
1
What is the thousands digit of 119893?
9
What is the hundred thousands digit of 10361122?
3
What is the tens digit of 25462198?
9
What is the ten thousands digit of 13288?
1
What is the tens digit of 797117?
1
What is the tens digit of 2678406?
0
What is the thousands digit of 890160?
0
What is the ten thousands digit of 84702?
8
What is the millions digit of 4969656?
4
What is the ten millions digit of 10517307?
1
What is the units digit of 1480486?
6
What is the thousands digit of 62242?
2
What is the ten thousands digit of 1260220?
6
What is the thousands digit of 161047?
1
What is the tens digit of 3587016?
1
What is the units digit of 253425?
5
What is the ten thousands digit of 280501?
8
What is the thousands digit of 6319049?
9
What is the thousands digit of 16552174?
2
What is the tens digit of 23874?
7
What is the hundreds digit of 7430382?
3
What is the ten thousands digit of 24256?
2
What is the hundreds digit of 3279302?
3
What is the millions digit of 12555622?
2
What is the units digit of 4104000?
0
What is the hundred thousands digit of 2140830?
1
What is the tens digit of 39669575?
7
What is the ten millions digit of 17004769?
1
What is the ten thousands digit of 305159?
0
What is the thousands digit of 335654?
5
What is the thousands digit of 7351265?
1
What is the thousands digit of 130282?
0
What is the units digit of 493566?
6
What is the units digit of 255947?
7
What is the hundreds digit of 697170?
1
What is the hundred thousands digit of 483540?
4
What is the hundred thousands digit of 5253974?
2
What is the units digit of 8451632?
2
What is the ten thousands digit of 1978793?
7
What is the tens digit of 44043?
4
What is the hundreds digit of 671221?
2
What is the tens digit of 1675707?
0
What is the tens digit of 4180897?
9
What is the ten millions digit of 14701506?
1
What is the hundreds digit of 13678777?
7
What is the millions digit of 18882311?
8
What is the tens digit of 3868784?
8
What is the hundreds digit of 7899500?
5
What is the hundreds digit of 347092?
0
What is the thousands digit of 226984?
6
What is the ten thousands digit of 181283?
8
What is the tens digit of 189233?
3
What is the tens digit of 372424?
2
What is the tens digit of 8308830?
3
What is the millions digit of 1421182?
1
What is the units digit of 6782004?
4
What is the thousands digit of 10653409?
3
What is the units digit of 993575?
5
What is the units digit of 389520?
0
What is the hundred thousands digit of 723505?
7
What is the units digit of 159154?
4
What is the ten thousands digit of 9115257?
1
What is the units digit of 238995?
5
What is the thousands digit of 460389?
0
What is the units digit of 841844?
4
What is the thousands digit of 860375?
0
What is the thousands digit of 851389?
1
What is the hundreds digit of 1417622?
6
What is the millions digit of 16021923?
6
What is the hundreds digit of 7387383?
3
What is the thousands digit of 75782?
5
What is the ten thousands digit of 1297003?
9
What is the ten thousands digit of 31291?
3
What is the tens digit of 2299680?
8
What is the ten thousands digit of 14587942?
8
What is the hundreds digit of 169441?
4
What is the hundreds digit of 12743998?
9
What is the hundred thousands digit of 325094?
3
What is the units digit of 2514062?
2
What is the thousands digit of 8541975?
1
What is the units digit of 28042?
2
What is the tens digit of 2139789?
8
What is the hundreds digit of 600127?
1
What is the tens digit of 529842?
4
What is the hundred thousands digit of 555132?
5
What is the thousands digit of 9112727?
2
What is the thousands digit of 1067204?
7
What is the millions digit of 1645177?
1
What is the tens digit of 77271?
7
What is the millions digit of 11949619?
1
What is the thousands digit of 1534479?
4
What is the units digit of 1796904?
4
What is the hundred thousands digit of 1979373?
9
What is the thousands digit of 491254?
1
What is the units digit of 3601929?
9
What is the ten thousands digit of 3455883?
5
What is the thousands digit of 22484563?
4
What is the ten thousands digit of 1781409?
8
What is the ten thousands digit of 355650?
5
What is the millions digit of 10302358?
0
What is the thousands digit of 7152780?
2
What is the units digit of 23892?
2
What is the hundred thousands digit of 297437?
2
What is the tens digit of 7947711?
1
What is the millions digit of 1574665?
1
What is the tens digit of 1867137?
3
What is the units digit of 1086464?
4
What is the thousands digit of 249879?
9
What is the ten thousands digit of 1459776?
5
What is the thousands digit of 1397763?
7
What is the thousands digit of 182466?
2
What is the ten thousands digit of 864434?
6
What is the millions digit of 7646711?
7
What is the hundreds digit of 10810852?
8
What is the ten thousands digit of 357919?
5
What is the thousands digit of 3120090?
0
What is the units digit of 5053971?
1
What is the tens digit of 259925?
2
What is the units digit of 177946?
6
What is the thousands digit of 514357?
4
What is the units digit of 876356?
6
What is the units digit of 5177165?
5
What is the ten thousands digit of 1084168?
8
What is the hundred thousands digit of 175800?
1
What is the hundred thousands digit of 640958?
6
What is the units digit of 1817967?
7
What is the thousands digit of 105097?
5
What is the hundred thousands digit of 873754?
8
What is the hundreds digit of 636172?
1
What is the hundred thousands digit of 1218081?
2
What is the hundred thousands digit of 3558834?
5
What is the thousands digit of 10296375?
6
What is the tens digit of 807170?
7
What is the hundreds digit of 31633294?
2
What is the millions digit of 7694189?
7
What is the hundred thousands digit of 1264730?
2
What is the hundred thousands digit of 340481?
3
What is the units digit of 1917316?
6
What is the hundred thousands digit of 241112?
2
What is the thousands digit of 73124?
3
What is the tens digit of 9924254?
5
What is the units digit of 30805?
5
What is the units digit of 925573?
3
What is the units digit of 1167488?
8
What is the ten thousands digit of 146026?
4
What is the thousands digit of 5158741?
8
What is the tens digit of 113560?
6
What is the thousands digit of 47977?
7
What is the millions digit of 2339440?
2
What is the hundreds digit of 88048?
0
What is the ten thousands digit of 600047?
0
What is the ten thousands digit of 4232083?
3
What is the tens digit of 83913?
1
What is the hundred thousands digit of 5587950?
5
What is the hundreds digit of 107608?
6
What is the hundred thousands digit of 1020612?
0
What is the units digit of 273472?
2
What is the thousands digit of 5921286?
1
What is the units digit of 4772055?
5
What is the units digit of 6061796?
6
What is the ten thousands digit of 21495671?
9
What is the hundred thousands digit of 9448029?
4
What is the hundreds digit of 516575?
5
What is the millions digit of 2645846?
2
What is the hundred thousands digit of 367341?
3
What is the hundreds digit of 122460?
4
What is the units digit of 45160?
0
What is the hundred thousands digit of 332012?
3
What is the tens digit of 211540?
4
What is the ten thousands digit of 187811?
8
What is the ten thousands digit of 983031?
8
What is the thousands digit of 191328?
1
What is the hundred thousands digit of 3125442?
1
What is the millions digit of 2813358?
2
What is the hundred thousands digit of 6812749?
8
What is the millions digit of 1321782?
1
What is the hundreds digit of 618292?
2
What is the tens d